e 11
-71
What is 5 (base 15) in base 12?
5
What is -100 (base 2) in base 5?
-4
Convert -1 (base 10) to base 7.
-1
Convert -110 (base 10) to base 11.
-a0
What is -1122 (base 5) in base 8?
-242
What is 14 (base 5) in base 13?
9
Convert -28 (base 16) to base 2.
-101000
53 (base 6) to base 11
30
Convert -4 (base 11) to base 2.
-100
What is 5 (base 9) in base 7?
5
-140 (base 11) to base 3
-20010
-1 (base 14) to base 6
-1
28 (base 11) to base 16
1e
-50 (base 15) to base 3
-2210
21 (base 3) to base 12
7
What is -5 (base 15) in base 16?
-5
What is -21 (base 3) in base 16?
-7
a (base 12) to base 7
13
b (base 14) to base 2
1011
Convert -3 (base 8) to base 13.
-3
-14 (base 7) to base 15
-b
-23 (base 6) to base 16
-f
Convert 333 (base 5) to base 7.
162
11110 (base 2) to base 16
1e
Convert 17 (base 9) to base 2.
10000
-1 (base 8) to base 13
-1
38 (base 11) to base 2
101001
What is 9d (base 14) in base 4?
2023
What is -2 (base 5) in base 2?
-10
-306 (base 11) to base 9
-450
Convert 1 (base 3) to base 2.
1
What is 1 (base 13) in base 2?
1
Convert 3 (base 14) to base 7.
3
0 (base 7) to base 16
0
Convert 363 (base 8) to base 6.
1043
What is -131 (base 8) in base 13?
-6b
Convert 156 (base 7) to base 12.
76
Convert 160 (base 13) to base 6.
1051
What is -3 (base 15) in base 4?
-3
What is -10110 (base 2) in base 11?
-20
Convert -10 (base 7) to base 4.
-13
0 (base 11) to base 14
0
-1 (base 3) to base 6
-1
-110 (base 2) to base 11
-6
-3 (base 5) to base 12
-3
Convert -62 (base 15) to base 7.
-161
-7 (base 11) to base 13
-7
Convert -4 (base 15) to base 6.
-4
Convert -3 (base 13) to base 8.
-3
Convert 1012 (base 3) to base 10.
32
-3 (base 12) to base 10
-3
Convert 0 (base 3) to base 13.
0
Convert 0 (base 7) to base 11.
0
Convert 10000 (base 2) to base 14.
12
1 (base 7) to base 10
1
What is 10311 (base 4) in base 2?
100110101
What is 1 (base 9) in base 13?
1
-10 (base 7) to base 12
-7
What is c (base 14) in base 16?
c
What is 2 (base 15) in base 4?
2
What is 0 (base 6) in base 2?
0
14 (base 15) to base 2
10011
Convert 56 (base 14) to base 2.
1001100
Convert -301 (base 5) to base 10.
-76
Convert 1 (base 15) to base 9.
1
Convert 7 (base 8) to base 15.
7
What is 3 (base 7) in base 2?
11
Convert 51 (base 6) to base 16.
1f
-177 (base 8) to base 5
-1002
8 (base 9) to base 15
8
Convert -17 (base 16) to base 7.
-32
-113 (base 9) to base 14
-69
What is -9 (base 16) in base 2?
-1001
What is 11 (base 9) in base 6?
14
Convert -3 (base 16) to base 10.
-3
What is 23 (base 11) in base 4?
121
Convert 0 (base 3) to base 12.
0
444 (base 6) to base 2
10101100
Convert -1 (base 12) to base 8.
-1
What is -105 (base 13) in base 8?
-256
4a (base 15) to base 11
64
What is -102 (base 4) in base 15?
-13
What is -55 (base 9) in base 16?
-32
Convert -4 (base 13) to base 9.
-4
What is -4 (base 11) in base 7?
-4
What is 11 (base 5) in base 7?
6
Convert 1011 (base 2) to base 6.
15
Convert -29 (base 11) to base 3.
-1011
100 (base 3) to base 12
9
What is 4 (base 14) in base 5?
4
-1c (base 14) to base 11
-24
What is -1 (base 16) in base 6?
-1
What is -12 (base 8) in base 11?
-a
2 (base 4) to base 8
2
What is 1 (base 4) in base 2?
1
Convert -1 (base 4) to base 2.
-1
-1 (base 12) to base 9
-1
What is 15 (base 6) in base 12?
b
6f (base 16) to base 15
76
What is 3 (base 7) in base 5?
3
-11 (base 2) to base 4
-3
Convert -2 (base 9) to base 4.
-2
-2 (base 13) to base 14
-2
What is -1 (base 16) in base 3?
-1
Convert 111 (base 2) to base 12.
7
140 (base 15) to base 5
2120
19 (base 14) to base 16
17
13 (base 7) to base 4
22
What is -317 (base 10) in base 15?
-162
-1 (base 11) to base 14
-1
12 (base 9) to base 13
b
-2c (base 13) to base 4
-212
Convert -28 (base 9) to base 7.
-35
What is -7 (base 13) in base 3?
-21
-4 (base 16) to base 7
-4
What is -7 (base 8) in base 13?
-7
21 (base 12) to base 15
1a
6 (base 15) to base 10
6
What is 3 (base 14) in base 10?
3
5 (base 6) to base 14
5
7 (base 14) to base 11
7
Convert -115 (base 9) to base 2.
-1011111
What is 0 (base 8) in base 12?
0
What is 33 (base 6) in base 10?
21
Convert 31 (base 4) to base 2.
1101
What is -15 (base 16) in base 15?
-16
What is 300 (base 6) in base 2?
1101100
What is -4 (base 5) in base 12?
-4
What is 111 (base 12) in base 16?
9d
What is -31 (base 15) in base 6?
-114
-c (base 14) to base 5
-22
Convert -e (base 15) to base 11.
-13
10111011 (base 2) to base 13
115
e (base 15) to base 8
16
-1 (base 11) to base 16
-1
13 (base 13) to base 2
10000
Convert 213 (base 9) to base 6.
450
What is 5 (base 13) in base 6?
5
-12c (base 14) to base 9
-282
Convert -130 (base 15) to base 8.
-416
What is 3 (base 15) in base 13?
3
36 (base 14) to base 10
48
5 (base 13) to base 4
11
Convert 100 (base 5) to base 6.
41
What is 4 (base 10) in base 2?
100
6 (base 8) to base 11
6
What is -2 (base 4) in base 11?
-2
-1 (base 6) to base 9
-1
What is -213 (base 4) in base 8?
-47
Convert 1 (base 12) to base 13.
1
Convert -2 (base 3) to base 11.
-2
-a0 (base 16) to base 15
-aa
1 (base 13) to base 16
1
Convert 1 (base 8) to base 5.
1
What is -3 (base 5) in base 9?
-3
What is 11001 (base 2) in base 4?
121
What is -17 (base 13) in base 11?
-19
Convert -23 (base 5) to base 14.
-d
Convert -10 (base 3) to base 15.
-3
-21 (base 8) to base 4
-101
What is 3221 (base 4) in base 13?
14c
b (base 12) to base 14
b
1033 (base 4) to base 2
1001111
What is -2 (base 8) in base 9?
-2
What is 7b (base 15) in base 3?
11022
-104 (base 5) to base 16
-1d
What is 14 (base 14) in base 10?
18
4 (base 11) to base 7
4
Convert 21 (base 4) to base 8.
11
-1 (base 10) to base 4
-1
What is -3 (base 16) in base 4?
-3
-210 (base 6) to base 15
-53
What is -22 (base 3) in base 16?
-8
Convert -9 (base 16) to base 11.
-9
Convert -41 (base 10) to base 9.
-45
What is 0 (base 3) in base 10?
0
What is -3 (base 8) in base 7?
-3
Convert -2 (base 9) to base 3.
-2
What is -7 (base 10) in base 2?
-111
What is 1 (base 12) in base 15?
1
What is 57 (base 14) in base 9?
85
93 (base 13) to base 7
231
Convert 10010011 (base 2) to base 11.
124
-3d (base 16) to base 11
-56
3 (base 14) to base 9
3
Convert 6 (base 10) to base 14.
6
Convert -1 (base 5) to base 6.
-1
What is -204 (base 6) in base 2?
-1001100
-9 (base 16) to base 3
-100
-11 (base 2) to base 9
-3
-13 (base 10) to base 8
-15
What is -14 (base 11) in base 9?
-16
-21 (base 3) to base 16
-7
What is -40 (base 7) in base 4?
-130
-1300 (base 4) to base 11
-a2
4 (base 15) to base 7
4
What is -25 (base 9) in base 10?
-23
Convert 6 (base 14) to base 10.
6
1112 (base 3) to base 9
45
-5 (base 15) to base 12
-5
What is -10 (base 13) in base 14?
-d
What is -2 (base 14) in base 15?
-2
Convert 32 (base 10) to base 15.
22
Convert -50 (base 6) to base 16.
-1e
What is -71 (base 8) in base 13?
-45
What is 111 (base 3) in base 5?
23
What is 32 (base 5) in base 16?
11
-4f (base 16) to base 6
-211
What is -1133 (base 4) in base 15?
-65
What is -200 (base 4) in base 15?
-22
What is -28 (base 11) in base 4?
-132
-1111 (base 2) to base 3
-120
-6 (base 10) to base 14
-6
What is -1345 (base 6) in base 12?
-255
What is -102 (base 3) in base 16?
-b
What is 3 (base 8) in base 14?
3
What is -2 (base 16) in base 10?
-2
-101 (base 4) to base 9
-18
What is -68 (base 13) in base 16?
-56
Convert -1 (base 10) to base 8.
-1
Convert a (base 12) to base 7.
13
100 (base 2) to base 11
4
-2332 (base 4) to base 8
-276
Convert -21 (base 9) to base 16.
-13
Convert -12 (base 5) to base 13.
-7
0 (base 7) to base 9
0
What is 2120 (base 3) in base 13?
54
What is 3 (base 15) in base 2?
11
Convert 14 (base 7) to base 10.
11
What is 2c (base 14) in base 2?
101000
Convert 50 (base 11) to base 14.
3d
What is 4 (base 15) in base 14?
4
What is 1 (base 15) in base 10?
1
111100 (base 2) to base 4
330
1 (base 7) to base 8
1
Convert 10100 (base 3) to base 5.
330
-3 (base 8) to base 15
-3
Convert -23 (base 5) to base 13.
-10
Convert -243 (base 5) to base 7.
-133
-350 (base 8) to base 16
-e8
Convert 4 (base 16) to base 4.
10
Convert 5 (base 16) to base 11.
5
What is 11 (base 2) in base 16?
3
What is 3 (base 6) in base 16?
3
Convert -57 (base 8) to base 16.
-2f
What is -51 (base 12) in base 7?
-115
Convert 2 (base 7) to base 5.
2
27 (base 15) to base 9
41
Convert -2 (base 5) to base 13.
-2
Convert 12 (base 16) to base 6.
30
1 (base 